4. Let u be h(-4). Suppose u = 3*c - 49. Is c a multiple of 14?
False
Suppose 0*f = -5*y + 5*f + 355, 5*y + 5*f - 345 = 0. Is 5 a factor of y?
True
Let m(h) = -390*h + 395*h + h**2 + 10*h**2 - 8*h**3 + 9*h**3 - 9. Let b(g) = -9*g**3 - g**2 - g + 1. Let w be b(1). Is 9 a factor of m(w)?
False
Let k(h) = -2*h**2 - 3*h + 2*h + 4*h**2 - 3*h - 505 + 506. Let x be 4/(-10) - 22/(-5). Does 6 divide k(x)?
False
Let m(r) = r**2 - 10*r + 22. Let t be m(6). Does 14 divide 84*(t + (-15)/(-6))?
True
Suppose -2*t - 11 = -3*s + 2*t, 0 = 2*s - 5*t - 19. Does 3 divide (-1 - s) + (-27 - 3)/(-2)?
False
Let n(f) = -f**3 + 9*f**2 - 13*f + 13. Let r be n(7). Let l = r + 30. Is 3 a factor of l?
False
Suppose 2*i + 39 = 4*f + 23, -4 = -2*f + 3*i. Let n(r) = 12*r**2 - r + 1. Let g be n(2). Suppose f*j - g = 23. Is j a multiple of 5?
False
Suppose -5*x = -q - 4, 2*q - 3*q - 4*x - 4 = 0. Let j = 14 + q. Is j a multiple of 5?
True
Suppose -3*p + 69 = 3*o, -3*p + 2*o + 17 = -42. Is p a multiple of 3?
True
Let s be (25 - -5)/(6/15). Is 12 a factor of (-240)/2*(-60)/s?
True
Let j(l) = -l**3 - 11*l**2 - 28*l - 10. Let u be j(-10). Does 21 divide u/4*64/10?
False
Let z(m) = 3*m + 22. Let v be z(9). Suppose 2*r = 3*d + 4*r - 64, 3*d - r - v = 0. Is 3 a factor of d?
True
Let r = 2174 + -1238. Is 78 a factor of r?
True
Let f(u) = -2*u**2 + 18*u - 8. Let g be f(13). Let l = -54 - g. Is l a multiple of 13?
False
Is 0 - 4085/(-4) - (-7)/(-28) a multiple of 10?
False
Suppose 9*i - 12276 + 891 = 0. Does 11 divide i?
True
Let d(s) = s**3 + 2*s**2 + 17*s - 5. Is d(6) a multiple of 11?
True
Suppose -h + 3 = -2. Suppose 21 = 2*c - h. Let d = c - -5. Is 16 a factor of d?
False
Let q = -32 - -53. Suppose -3*a = w - q, -28 = -2*a + w + 3*w. Suppose 5*i + 3*b = 37, -5*i + 2*b + a = -34. Does 2 divide i?
True
Let j = -781 + 1403. Is 84 a factor of j?
False
Let a(n) = 85 - 28*n - 98 + 77*n. Does 19 divide a(4)?
False
Let v(f) = -2*f**3 - f**2 + 4*f + 1. Let t(y) = -3*y**2 + y**3 + 0*y - y + 1 - 4*y. Let s be t(4). Is v(s) a multiple of 17?
True
Let l(v) = -3*v**3 - 21*v**2 - 111*v + 14. Is 12 a factor of l(-7)?
False
Suppose 12*m = 11*m - 3*d + 368, 0 = -5*d - 25. Is m a multiple of 20?
False
Suppose 0 = -c + 3, -2*c = -5*w - c - 1068. Let u = -72 - w. Is 39 a factor of u?
False
Let f be 12/21 - 1253/49. Let v = f - -42. Is 13 a factor of v?
False
Suppose -4*f - 60 = -16. Let a = -21 - f. Let m(x) = x**2 + 5*x + 8. Is m(a) a multiple of 29?
True
Let q(x) = x**2 + x - 1. Let m be q(1). Is 11 a factor of (m - -16)*(1 + 0)?
False
Let g(p) = -5*p**3 - 4*p**2 - 20*p + 17. Does 6 divide g(-5)?
True
Suppose -6*f = -3*f + 372. Let w be (-3)/9 + f/(-12). Let a = -5 + w. Is 5 a factor of a?
True
Let v = 2948 - 1540. Is 11 a factor of v?
True
Suppose -3*g = 2*g + 540. Let u = -75 - g. Suppose u = 4*v - 103. Is v a multiple of 17?
True
Suppose -s = 3*s - 4, 4*n + 5*s - 17 = 0. Suppose -17 = -n*a + 2*a - 3*c, -5*a + 3*c = 5. Is a a multiple of 2?
True
Does 28 divide 70/14*(8388/30 + -1)?
False
Suppose n + 1 = -2*i, -3*n = -2*i - 2*i - 27. Suppose 0 = 3*h + n*o - 16, 2*h - 6 = -0*h - o. Is ((-6)/18)/(h/(-156)) a multiple of 15?
False
Suppose 5*l + 1936 = 6381. Suppose -5*p + l = 209. Does 34 divide p?
True
Let q(x) = x**2 - 2*x + 5. Let v be q(5). Suppose v = 5*t + 5*r, r = 2*t - r + 8. Suppose t = i - 2*f - 16, 6*i - 5*f - 70 = i. Is i a multiple of 3?
True
Let j = -69 - -222. Is 51 a factor of j?
True
Let r = 287 - -116. Is 30 a factor of r?
False
Let a = 804 + -468. Does 6 divide a?
True
Suppose 746*x - 749*x + 10245 = 0. Is x a multiple of 106?
False
Let o = 617 - 383. Let a = o - 101. Does 22 divide a?
False
Is 52 a factor of (-2 - -4)/(-1) - (-1618 - -85)?
False
Let g be (2/(-2))/(2/(-6)). Let j be ((-1066)/(-39))/(2/g). Let t = -29 + j. Is 12 a factor of t?
True
Let f(k) = -3 + 5*k + 12*k + 2*k. Is 7 a factor of f(2)?
True
Let t = 1432 - -264. Does 53 divide t?
True
Is (-2807 - (-9 + 10))*-1 a multiple of 72?
True
Let c(s) = -s**2 + 8*s - 2. Let o be 2*(-2)/4*7. Let m(x) = x**3 + 7*x**2 - x. Let v be m(o). Does 4 divide c(v)?
False
Suppose -5*v + 14 = -1. Does 13 divide (-344)/(-3) + 4/36*v?
False
Suppose 0 = 15*x - 10*x - 700. Suppose 0 = -3*f + 625 + x. Does 17 divide f?
True
Let m(g) = -19*g - 2. Let k be ((-24)/(-20))/((-3)/10). Let s be m(k). Let h = s - 38. Is 12 a factor of h?
True
Suppose -3*q - 5*l - 445 = -8*q, 2*l - 182 = -2*q. Suppose -b - 2*d + q = 0, b - d - 92 = -4*d. Is 12 a factor of b?
False
Let m = -29 + 29. Suppose m = c - 0*c. Is 15 a factor of (-90)/4*(c + -2)?
True
Let r = 7 + -12. Is 8 a factor of (9/r + 3)*85?
False
Suppose 0 = -41*j + 58*j - 38352. Is 12 a factor of j?
True
Let h(t) = -23*t + 3*t**2 + 2 - 14 - 2. Is h(11) a multiple of 12?
True
Suppose -o = 4, -w + 3*o + 34 - 14 = 0. Does 3 divide (-4)/10*(-60)/w?
True
Let q be (-1 + 0)/((-2)/(-4)). Let i(h) be the second derivative of -7*h**3/3 + 48*h. Does 14 divide i(q)?
True
Let i be (-5)/20*0 - 3. Let r(o) = -o**3 + 5*o**2 + 2*o - 2. Is 8 a factor of r(i)?
True
Is (-8)/((-15 + 10)/40) a multiple of 2?
True
Suppose -s = -4*h + 75, 49 = 5*h + 2*s - 35. Is 17 a factor of (-16 + h)*17/2?
True
Suppose -5*j - 2084 = -a - 16163, -a = -j + 2815. Does 132 divide j?
False
Let u(m) = m + 14. Let j be u(0). Let f(z) = 2*z**2 - 16*z - 9. Let p be f(9). Let a = j - p. Is a a multiple of 2?
False
Suppose 4*j - 240 = -d - 60, -4*j = -3*d + 460. Does 9 divide d?
False
Let p = -7 - -1. Let z(n) = -n - 6. Let l be z(p). Suppose l = 3*q + 5*t - 72, 0*q - 3*t - 48 = -3*q. Does 10 divide q?
False
Let t(x) = 6 - 2*x**2 + 3*x + 1 + 0*x**3 + 2*x**3. Let f be t(6). Suppose f = 5*o - 0*o. Is 13 a factor of o?
False
Let n(y) = -y**2 - 29*y + 89. Is n(-29) a multiple of 54?
False
Suppose -31*u + 35*u = 4. Is 3 a factor of 2/12 - u*(-424)/48?
True
Let r be (-12)/2*(-2)/(-4). Does 7 divide 0 + 1 - ((-68 - -2) + r)?
True
Is 11 a factor of (-58)/(-290) - (-19302)/15?
True
Let n(t) = t. Let c be n(4). Let m(o) = -2*o + 65. Let w be m(31). Is 11 a factor of c/(-6) - (-110)/w?
False
Let b = -1047 + 2874. Is b a multiple of 55?
False
Suppose 20 = 5*i - 530. Is i a multiple of 26?
False
Let s(t) = -t**2 - 22*t - 21. Suppose -90 - 10 = 5*g. Does 19 divide s(g)?
True
Let j = -355 - -625. Is 10 a factor of j?
True
Let s be 20/6*(-18)/15. Let z = s + 97. Is z a multiple of 27?
False
Let g be (-2 + -15)*(-9 + -4). Let a be (4 + g)/5 - -2. Let c = -14 + a. Is 26 a factor of c?
False
Let u = 2015 - 1631. Is u a multiple of 7?
False
Suppose -4*v - f = 72, f - 2 + 91 = -5*v. Suppose 3*z + 45 + 90 = 0. Let i = v - z. Is i a multiple of 13?
False
Let d(n) = -2*n - 13. Let v be d(-8). Suppose -2*i - 317 = -5*a, -6*a - v*i + 249 = -2*a. Does 39 divide a?
False
Let n(q) = -q**2 - 6*q + 3. Let i be n(-6). Suppose 30 = -0*w - i*w. Let c = w + 16. Is c a multiple of 5?
False
Let v(d) = d - 4. Let o be v(4). Suppose -16*p = -34 + 2. Suppose l = 4*l - p*s - 132, o = -5*l + 4*s + 222. Is 18 a factor of l?
False
Let t(v) = 2*v + 13. Let y be t(7). Let f be y/5 + (-2)/5. Suppose 5*x - 175 = -9*z + 4*z, -f*x = -2*z - 182. Is x a multiple of 12?
True
Suppose -5*z + 17 = 7. Suppose z*r - 117 = -r - 5*s, 0 = 5*s. Is r a multiple of 7?
False
Let u = 4 + 50. Does 9 divide u?
True
Let q = 1033 - 39. Is 36 a factor of q?
False
Let f = 55 + 70. Is f a multiple of 25?
True
Let y(j) = 25*j**2 - j + 1. Suppose 0 = 2*i - 4*t - 40, -i + 4*t = -6*i + 30. Let f be (-4)/10 + 14/i. Is 25 a factor of y(f)?
True
Let x be 0/(8*4/8). Let o(c) = -c**2 - 2*c + 78. Does 26 divide o(x)?
True
Suppose b - 2*b + 8 = 0. Suppose b = 2*l - 0*l. Suppose l*y - 36 = 36. Is 9 a factor of y?
True
Suppose 3*r + 899 = 5*l - 3245, 3*l - 2496 = 5*r. Is l a multiple of 35?
False
Let v = -1187 + 1896. Does 18 divide v?
False
Let h(y) = 26*y**3 + y**2 - y - 1. Suppose 4 - 3 = -3*d - m, -d = 2*m + 7. Does 4 divide h(d)?
False
Let q(d) = -9*d + 7. Suppose 0 = -2*z + 14 + 2. Let w be q(z). Does 10 divide 10/w - (-1538)/26?
False
Let n(a) = -a**3 - 7*a**2 - 11*a - 13. Let i(u) = u + 4. Let g be i(-10). Is n(g) a multiple of 8?
False
Let k(t) = t**3 + 7*t**2 + 7*t + 1. Let h be k(-7). Let m = 0 - h. Let o = m - 21. Is 9 a factor of o?
True
Suppose -5*r - 236 = 244. Let h(j) = 5*j**2 - j + 50. Let w be h(0). Does 32 divide 